{"id":71,"date":"2025-07-06T12:39:50","date_gmt":"2025-07-06T12:39:50","guid":{"rendered":"https:\/\/bild-rauschen.ch\/?page_id=71"},"modified":"2025-07-06T12:55:29","modified_gmt":"2025-07-06T12:55:29","slug":"emanuel-muhl","status":"publish","type":"page","link":"https:\/\/bild-rauschen.ch\/?page_id=71","title":{"rendered":"Emanuel Muhl"},"content":{"rendered":"<p>[et_pb_section fb_built=&#8221;1&#8243; _builder_version=&#8221;4.27.4&#8243; _module_preset=&#8221;default&#8221; background_color=&#8221;#000000&#8243; background_enable_image=&#8221;off&#8221; background_position=&#8221;top_center&#8221; min_height=&#8221;90vh&#8221; custom_margin=&#8221;0px||||false|false&#8221; custom_padding=&#8221;0px||||false|false&#8221; hover_enabled=&#8221;0&#8243; locked=&#8221;off&#8221; global_colors_info=&#8221;{}&#8221; sticky_enabled=&#8221;0&#8243;][et_pb_row column_structure=&#8221;1_2,1_2&#8243; _builder_version=&#8221;4.27.4&#8243; _module_preset=&#8221;default&#8221; width=&#8221;100%&#8221; max_width=&#8221;2560px&#8221; hover_enabled=&#8221;0&#8243; global_colors_info=&#8221;{}&#8221; title_text=&#8221;BR-Crew_kompr-3_web&#8221; background_image=&#8221;https:\/\/bild-rauschen.ch\/wp-content\/uploads\/2025\/07\/BR-Crew_kompr-3_web.jpg&#8221; background_position=&#8221;top_right&#8221; background_size=&#8221;custom&#8221; background_horizontal_offset=&#8221;0%&#8221; background_image_height=&#8221;150%&#8221; sticky_enabled=&#8221;0&#8243; use_custom_gutter=&#8221;on&#8221; make_equal=&#8221;on&#8221; custom_padding=&#8221;|||0px|false|false&#8221; custom_margin=&#8221;||||false|false&#8221;][et_pb_column type=&#8221;1_2&#8243; _builder_version=&#8221;4.27.4&#8243; _module_preset=&#8221;default&#8221; hover_enabled=&#8221;0&#8243; global_colors_info=&#8221;{}&#8221; background_enable_color=&#8221;off&#8221; title_text=&#8221;BR-Crew_kompr-2_web&#8221; sticky_enabled=&#8221;0&#8243; background_enable_image=&#8221;off&#8221;][\/et_pb_column][et_pb_column type=&#8221;1_2&#8243; _builder_version=&#8221;4.27.4&#8243; _module_preset=&#8221;default&#8221; global_colors_info=&#8221;{}&#8221;][et_pb_text _builder_version=&#8221;4.27.4&#8243; _module_preset=&#8221;default&#8221; text_font_size=&#8221;18px&#8221; text_line_height=&#8221;1.8em&#8221; header_font=&#8221;|||on|||||&#8221; header_font_size=&#8221;45px&#8221; z_index=&#8221;50&#8243; background_layout=&#8221;dark&#8221; width=&#8221;100%&#8221; custom_margin=&#8221;50px|||-80px|false|false&#8221; custom_padding=&#8221;||||false|false&#8221; hover_enabled=&#8221;0&#8243; global_colors_info=&#8221;{}&#8221; sticky_enabled=&#8221;0&#8243;]<\/p>\n<h1 class=\"p1\"><span class=\"s1\">Emanuel Muhl<\/span><\/h1>\n<p><span class=\"s1\"><\/span><\/p>\n<p><span>Momente festzuhalten und zu\u00a0einem sp\u00e4teren Zeitpunkt wieder erleben zu k\u00f6nnen,\u00a0das hat mich schon immer fasziniert \u2013 Musik, welche mein Leben bereicherte, Bilder die mein Herz ber\u00fchrten.<\/span><\/p>\n<p><span>Dieser Faszination gebe ich mich auf meine Weise hin, ich fotografiere und musiziere. Meine ausgepr\u00e4gte Affinit\u00e4t f\u00fcr Technik, welche mir als gelernter Informatiker quasi intraven\u00f6s verpasst wurde, erschloss mir die handfeste Basis der Fotokunst: die Kamera.<\/span><\/p>\n<p><span>Mein Grossvater dr\u00fcckte mir vor ca. 25 Jahren seine analoge Kamera in die Hand und forderte mich auf, von ihm ein Portrait auf einem Steg an einem Weiher zu schiessen. Ich war so begeistert von dem Ausl\u00f6seger\u00e4usch, dem Blick durch den Sucher, von der M\u00f6glichkeit,\u00a0das Hier und Jetzt auf Papier zu bannen, dass ich eine ganze Serie von Fotos schoss und so den Film in naiv-verschwenderischer Euphorie leerknipste. Bei jedem zus\u00e4tzlichen Bild ver\u00e4nderte sich die Mimik meines Grossvaters, er kam immer n\u00e4her bis schliesslich\u00a0auf dem letzen Bild nur noch die unscharfe, blaue Jacke des sorgenvoll\u00a0ahnenden Mannes\u00a0zu sehen war.\u00a0<\/span><\/p>\n<p><span>Dieses Erlebnis hat mich bis heute nicht mehr losgelassen und bereits im Jahr 2005 fotografierte ich mit einer Canon EOS 350D meine erste Hochzeit. Ich war so gut wie\u00a0nie mehr ohne meine Kamera zu sehen und wollte jeden Moment bewahren, den ich auf dieser wunderbaren Erde erlebte. Diese Begeisterung teilte ich mit meinem Bruder Joshua und schon bald fotografierten wir als Team, vor allem an Hochzeiten. Menschen und ihre Emotionen zu fotografieren, ihren Ausdruck und ihre Stimmung festzuhalten, darin liegt meine Passion.<\/span><\/p>\n<p><span>Mit 8 Jahren hatte\u00a0ich das Harfenspiel gelernt und als ich mich mit 12 Jahren nur noch perkussiv auf dem Korpus des Holzrahmens zu schaffen machte, versuchte ich meinen Durst\u00a0nach Rhythmus mit dem Schlagzeugspiel zu stillen. Dies gelang und ich durfte in vielen Projekten mit hervorragenden Musikern und K\u00fcnstlern zusammenarbeiten. Sp\u00e4ter, mit 18, wagte ich einen erneuten Versuch im Bereich der durch Zupfen erzeugten Kl\u00e4nge \u2013 mit der Gitarre.\u00a0<\/span><\/p>\n<p><span>Als Live-Tontechniker hinter dem Mischpult kommt\u00a0mir mein Hintergrund als Musiker zugute, ich verstehe\u00a0die K\u00fcnstler\u00a0auf der B\u00fchne und habe eine klare Vorstellung von Sound<\/span><\/p>\n<p>[\/et_pb_text][\/et_pb_column][\/et_pb_row][\/et_pb_section][et_pb_section fb_built=&#8221;1&#8243; _builder_version=&#8221;4.27.4&#8243; _module_preset=&#8221;default&#8221; background_enable_color=&#8221;off&#8221; use_background_color_gradient=&#8221;on&#8221; background_color_gradient_stops=&#8221;#000000 0%|rgba(0,0,0,0.49) 71%&#8221; background_color_gradient_overlays_image=&#8221;on&#8221; background_image=&#8221;https:\/\/bild-rauschen.ch\/wp-content\/uploads\/2025\/07\/Bild-Rauschen-Studio-18-1024&#215;768-1.jpg&#8221; custom_padding=&#8221;|||100px|false|false&#8221; global_colors_info=&#8221;{}&#8221;][et_pb_row _builder_version=&#8221;4.27.4&#8243; _module_preset=&#8221;default&#8221; module_alignment=&#8221;left&#8221; global_colors_info=&#8221;{}&#8221;][et_pb_column type=&#8221;4_4&#8243; _builder_version=&#8221;4.27.4&#8243; _module_preset=&#8221;default&#8221; global_colors_info=&#8221;{}&#8221;][et_pb_text _builder_version=&#8221;4.27.4&#8243; _module_preset=&#8221;default&#8221; text_font_size=&#8221;20px&#8221; text_line_height=&#8221;1.8em&#8221; header_font_size=&#8221;35px&#8221; background_layout=&#8221;dark&#8221; global_colors_info=&#8221;{}&#8221;]<\/p>\n<div class=\"tatsu-module tatsu-inline-text clearfix tatsu-gk363ubaatc5qbmq   \">\n<div class=\"tatsu-inline-text-inner tatsu-align-center\">\n<h1><span>Kontakt<br \/><\/span><\/h1>\n<\/div>\n<\/div>\n<div class=\"tatsu-module tatsu-inline-text clearfix tatsu-gk363ubade39v26f   \">\n<div class=\"tatsu-inline-text-inner tatsu-align-center\">\n<p><span>BILD-RAUSCHEN GMBH<br \/>Emanuel Muhl<\/span><br \/><span>Bereichsleiter Fotografie<\/span><br \/><span>Industriestrasse 6A<\/span><br \/><span>8575 B\u00fcrglen TG<\/span><\/p>\n<p><span><a href=\"https:\/\/web.archive.org\/web\/20240725063353\/mailto:emuhl@bild-rauschen.ch\">emuhl@bild-rauschen.ch<\/a><\/span><br \/><span>071 \/ 648 10 15<\/span><\/p>\n<\/div>\n<\/div>\n<p>[\/et_pb_text][\/et_pb_column][\/et_pb_row][\/et_pb_section]<\/p>\n","protected":false},"excerpt":{"rendered":"<p>Emanuel Muhl Momente festzuhalten und zu\u00a0einem sp\u00e4teren Zeitpunkt wieder erleben zu k\u00f6nnen,\u00a0das hat mich schon immer fasziniert \u2013 Musik, welche mein Leben bereicherte, Bilder die mein Herz ber\u00fchrten. Dieser Faszination gebe ich mich auf meine Weise hin, ich fotografiere und musiziere. Meine ausgepr\u00e4gte Affinit\u00e4t f\u00fcr Technik, welche mir als gelernter Informatiker quasi intraven\u00f6s verpasst wurde, [&hellip;]<\/p>\n","protected":false},"author":1,"featured_media":0,"parent":0,"menu_order":0,"comment_status":"closed","ping_status":"closed","template":"","meta":{"_et_pb_use_builder":"on","_et_pb_old_content":"","_et_gb_content_width":"","footnotes":""},"class_list":["post-71","page","type-page","status-publish","hentry"],"_links":{"self":[{"href":"https:\/\/bild-rauschen.ch\/index.php?rest_route=\/wp\/v2\/pages\/71","targetHints":{"allow":["GET"]}}],"collection":[{"href":"https:\/\/bild-rauschen.ch\/index.php?rest_route=\/wp\/v2\/pages"}],"about":[{"href":"https:\/\/bild-rauschen.ch\/index.php?rest_route=\/wp\/v2\/types\/page"}],"author":[{"embeddable":true,"href":"https:\/\/bild-rauschen.ch\/index.php?rest_route=\/wp\/v2\/users\/1"}],"replies":[{"embeddable":true,"href":"https:\/\/bild-rauschen.ch\/index.php?rest_route=%2Fwp%2Fv2%2Fcomments&post=71"}],"version-history":[{"count":5,"href":"https:\/\/bild-rauschen.ch\/index.php?rest_route=\/wp\/v2\/pages\/71\/revisions"}],"predecessor-version":[{"id":84,"href":"https:\/\/bild-rauschen.ch\/index.php?rest_route=\/wp\/v2\/pages\/71\/revisions\/84"}],"wp:attachment":[{"href":"https:\/\/bild-rauschen.ch\/index.php?rest_route=%2Fwp%2Fv2%2Fmedia&parent=71"}],"curies":[{"name":"wp","href":"https:\/\/api.w.org\/{rel}","templated":true}]}}

<p>[et_pb_section fb_built=&#8221;1&#8243; _builder_version=&#8221;4.27.4&#8243; _module_preset=&#8221;default&#8221; background_color=&#8221;#000000&#8243; background_enable_image=&#8221;off&#8221; background_position=&#8221;top_center&#8221; min_height=&#8221;90vh&#8221; custom_margin=&#8221;0px||||false|false&#8221; custom_padding=&#8221;0px||||false|false&#8221; hover_enabled=&#8221;0&#8243; locked=&#8221;off&#8221; global_colors_info=&#8221;{}&#8221; sticky_enabled=&#8221;0&#8243;][et_pb_row column_structure=&#8221;1_2,1_2&#8243; _builder_version=&#8221;4.27.4&#8243; _module_preset=&#8221;default&#8221; width=&#8221;100%&#8221; max_width=&#8221;2560px&#8221; hover_enabled=&#8221;0&#8243; global_colors_info=&#8221;{}&#8221; title_text=&#8221;BR-Crew_kompr-3_web&#8221; background_image=&#8221;https://bild-rauschen.ch/wp-content/uploads/2025/07/BR-Crew_kompr-3_web.jpg&#8221; background_position=&#8221;top_right&#8221; background_size=&#8221;custom&#8221; background_horizontal_offset=&#8221;0%&#8221; background_image_height=&#8221;150%&#8221; sticky_enabled=&#8221;0&#8243; use_custom_gutter=&#8221;on&#8221; make_equal=&#8221;on&#8221; custom_padding=&#8221;|||0px|false|false&#8221; custom_margin=&#8221;||||false|false&#8221;][et_pb_column type=&#8221;1_2&#8243; _builder_version=&#8221;4.27.4&#8243; _module_preset=&#8221;default&#8221; hover_enabled=&#8221;0&#8243; global_colors_info=&#8221;{}&#8221; background_enable_color=&#8221;off&#8221; title_text=&#8221;BR-Crew_kompr-2_web&#8221; sticky_enabled=&#8221;0&#8243; background_enable_image=&#8221;off&#8221;][/et_pb_column][et_pb_column type=&#8221;1_2&#8243; _builder_version=&#8221;4.27.4&#8243; _module_preset=&#8221;default&#8221; global_colors_info=&#8221;{}&#8221;][et_pb_text _builder_version=&#8221;4.27.4&#8243; _module_preset=&#8221;default&#8221; text_font_size=&#8221;18px&#8221; text_line_height=&#8221;1.8em&#8221; header_font=&#8221;|||on|||||&#8221; header_font_size=&#8221;45px&#8221; z_index=&#8221;50&#8243; background_layout=&#8221;dark&#8221; width=&#8221;100%&#8221; custom_margin=&#8221;50px|||-80px|false|false&#8221; custom_padding=&#8221;||||false|false&#8221; hover_enabled=&#8221;0&#8243; global_colors_info=&#8221;{}&#8221; sticky_enabled=&#8221;0&#8243;]</p>
<h1 class="p1"><span class="s1">Emanuel Muhl</span></h1>
<p><span class="s1"></span></p>
<p><span>Momente festzuhalten und zu einem späteren Zeitpunkt wieder erleben zu können, das hat mich schon immer fasziniert – Musik, welche mein Leben bereicherte, Bilder die mein Herz berührten.</span></p>
<p><span>Dieser Faszination gebe ich mich auf meine Weise hin, ich fotografiere und musiziere. Meine ausgeprägte Affinität für Technik, welche mir als gelernter Informatiker quasi intravenös verpasst wurde, erschloss mir die handfeste Basis der Fotokunst: die Kamera.</span></p>
<p><span>Mein Grossvater drückte mir vor ca. 25 Jahren seine analoge Kamera in die Hand und forderte mich auf, von ihm ein Portrait auf einem Steg an einem Weiher zu schiessen. Ich war so begeistert von dem Auslösegeräusch, dem Blick durch den Sucher, von der Möglichkeit, das Hier und Jetzt auf Papier zu bannen, dass ich eine ganze Serie von Fotos schoss und so den Film in naiv-verschwenderischer Euphorie leerknipste. Bei jedem zusätzlichen Bild veränderte sich die Mimik meines Grossvaters, er kam immer näher bis schliesslich auf dem letzen Bild nur noch die unscharfe, blaue Jacke des sorgenvoll ahnenden Mannes zu sehen war. </span></p>
<p><span>Dieses Erlebnis hat mich bis heute nicht mehr losgelassen und bereits im Jahr 2005 fotografierte ich mit einer Canon EOS 350D meine erste Hochzeit. Ich war so gut wie nie mehr ohne meine Kamera zu sehen und wollte jeden Moment bewahren, den ich auf dieser wunderbaren Erde erlebte. Diese Begeisterung teilte ich mit meinem Bruder Joshua und schon bald fotografierten wir als Team, vor allem an Hochzeiten. Menschen und ihre Emotionen zu fotografieren, ihren Ausdruck und ihre Stimmung festzuhalten, darin liegt meine Passion.</span></p>
<p><span>Mit 8 Jahren hatte ich das Harfenspiel gelernt und als ich mich mit 12 Jahren nur noch perkussiv auf dem Korpus des Holzrahmens zu schaffen machte, versuchte ich meinen Durst nach Rhythmus mit dem Schlagzeugspiel zu stillen. Dies gelang und ich durfte in vielen Projekten mit hervorragenden Musikern und Künstlern zusammenarbeiten. Später, mit 18, wagte ich einen erneuten Versuch im Bereich der durch Zupfen erzeugten Klänge – mit der Gitarre. </span></p>
<p><span>Als Live-Tontechniker hinter dem Mischpult kommt mir mein Hintergrund als Musiker zugute, ich verstehe die Künstler auf der Bühne und habe eine klare Vorstellung von Sound</span></p>
<p>[/et_pb_text][/et_pb_column][/et_pb_row][/et_pb_section][et_pb_section fb_built=&#8221;1&#8243; _builder_version=&#8221;4.27.4&#8243; _module_preset=&#8221;default&#8221; background_enable_color=&#8221;off&#8221; use_background_color_gradient=&#8221;on&#8221; background_color_gradient_stops=&#8221;#000000 0%|rgba(0,0,0,0.49) 71%&#8221; background_color_gradient_overlays_image=&#8221;on&#8221; background_image=&#8221;https://bild-rauschen.ch/wp-content/uploads/2025/07/Bild-Rauschen-Studio-18-1024&#215;768-1.jpg&#8221; custom_padding=&#8221;|||100px|false|false&#8221; global_colors_info=&#8221;{}&#8221;][et_pb_row _builder_version=&#8221;4.27.4&#8243; _module_preset=&#8221;default&#8221; module_alignment=&#8221;left&#8221; global_colors_info=&#8221;{}&#8221;][et_pb_column type=&#8221;4_4&#8243; _builder_version=&#8221;4.27.4&#8243; _module_preset=&#8221;default&#8221; global_colors_info=&#8221;{}&#8221;][et_pb_text _builder_version=&#8221;4.27.4&#8243; _module_preset=&#8221;default&#8221; text_font_size=&#8221;20px&#8221; text_line_height=&#8221;1.8em&#8221; header_font_size=&#8221;35px&#8221; background_layout=&#8221;dark&#8221; global_colors_info=&#8221;{}&#8221;]</p>
<div class="tatsu-module tatsu-inline-text clearfix tatsu-gk363ubaatc5qbmq   ">
<div class="tatsu-inline-text-inner tatsu-align-center">
<h1><span>Kontakt<br /></span></h1>
</div>
</div>
<div class="tatsu-module tatsu-inline-text clearfix tatsu-gk363ubade39v26f   ">
<div class="tatsu-inline-text-inner tatsu-align-center">
<p><span>BILD-RAUSCHEN GMBH<br />Emanuel Muhl</span><br /><span>Bereichsleiter Fotografie</span><br /><span>Industriestrasse 6A</span><br /><span>8575 Bürglen TG</span></p>
<p><span><a href="https://web.archive.org/web/20240725063353/mailto:emuhl@bild-rauschen.ch">emuhl@bild-rauschen.ch</a></span><br /><span>071 / 648 10 15</span></p>
</div>
</div>
<p>[/et_pb_text][/et_pb_column][/et_pb_row][/et_pb_section]</p>

<p>Emanuel Muhl Momente festzuhalten und zu einem späteren Zeitpunkt wieder erleben zu können, das hat mich schon immer fasziniert – Musik, welche mein Leben bereicherte, Bilder die mein Herz berührten. Dieser Faszination gebe ich mich auf meine Weise hin, ich fotografiere und musiziere. Meine ausgeprägte Affinität für Technik, welche mir als gelernter Informatiker quasi intravenös verpasst wurde, [&hellip;]</p>
