{"id":42,"date":"2025-07-06T12:04:20","date_gmt":"2025-07-06T12:04:20","guid":{"rendered":"https:\/\/bild-rauschen.ch\/?page_id=42"},"modified":"2025-07-06T12:53:04","modified_gmt":"2025-07-06T12:53:04","slug":"joshua-muhl","status":"publish","type":"page","link":"https:\/\/bild-rauschen.ch\/?page_id=42","title":{"rendered":"Joshua Muhl"},"content":{"rendered":"<p>[et_pb_section fb_built=&#8221;1&#8243; _builder_version=&#8221;4.27.4&#8243; _module_preset=&#8221;default&#8221; background_color=&#8221;#000000&#8243; background_enable_image=&#8221;off&#8221; background_position=&#8221;top_center&#8221; min_height=&#8221;90vh&#8221; custom_margin=&#8221;0px||||false|false&#8221; custom_padding=&#8221;0px|||100px|false|false&#8221; locked=&#8221;off&#8221; global_colors_info=&#8221;{}&#8221;][et_pb_row column_structure=&#8221;1_2,1_2&#8243; _builder_version=&#8221;4.27.4&#8243; _module_preset=&#8221;default&#8221; width=&#8221;100%&#8221; max_width=&#8221;2560px&#8221; hover_enabled=&#8221;0&#8243; global_colors_info=&#8221;{}&#8221; title_text=&#8221;BR-Crew_kompr-2_web&#8221; background_image=&#8221;https:\/\/bild-rauschen.ch\/wp-content\/uploads\/2025\/07\/BR-Crew_kompr-2_web.jpg&#8221; background_position=&#8221;top_right&#8221; background_size=&#8221;custom&#8221; background_horizontal_offset=&#8221;0%&#8221; background_image_height=&#8221;150%&#8221; sticky_enabled=&#8221;0&#8243; use_custom_gutter=&#8221;on&#8221; make_equal=&#8221;on&#8221; custom_padding=&#8221;|||0px|false|false&#8221; custom_margin=&#8221;|||180px|false|false&#8221;][et_pb_column type=&#8221;1_2&#8243; _builder_version=&#8221;4.27.4&#8243; _module_preset=&#8221;default&#8221; global_colors_info=&#8221;{}&#8221;][et_pb_text _builder_version=&#8221;4.27.4&#8243; _module_preset=&#8221;default&#8221; text_font_size=&#8221;18px&#8221; text_line_height=&#8221;1.8em&#8221; header_font=&#8221;|||on|||||&#8221; header_font_size=&#8221;45px&#8221; z_index=&#8221;50&#8243; background_layout=&#8221;dark&#8221; width=&#8221;100%&#8221; custom_margin=&#8221;50px|||-150px|false|false&#8221; custom_padding=&#8221;||||false|false&#8221; hover_enabled=&#8221;0&#8243; global_colors_info=&#8221;{}&#8221; sticky_enabled=&#8221;0&#8243;]<\/p>\n<h1 class=\"p1\"><span class=\"s1\">Joshua Muhl<\/span><\/h1>\n<p><span class=\"s1\"><\/span><\/p>\n<p class=\"p1\"><span class=\"s1\">Mein Werdegang ist ungew\u00f6hnlich: Als J\u00fcngling mit einer Schw\u00e4che f\u00fcr beziehungsweise einer St\u00e4rke in Geometrie und Gestaltung entschied ich mich zu einer Lehre als Hochbauzeichner in einem Architekturb\u00fcro, wo ich bald als Nachwuchsspezialist f\u00fcr Visualisierung, also fotorealistischen Darstellungen von geplanten Bauprojekten, meine ersten seri\u00f6sen Gedanken zu Licht, Farben, \u00c4sthetik und Perspektive anstellte.<\/span><\/p>\n<p class=\"p1\"><span class=\"s1\">Neugier trieb mich weiter, ich folgte meiner Faszination f\u00fcr Sprache und studierte Germanistik an der Universit\u00e4t Z\u00fcrich. Die Faszination f\u00fcrs Visuelle liess mich aber nicht los \u2013 ich produzierte einige Kurzfilme und Musikvideos, fotografierte als Journalisten-Praktikant f\u00fcr eigene Artikel, fotografierte Artists oder Events, produzierte Videos f\u00fcr kulturelle Anl\u00e4sse sowie Werbe- und Imagevideos \u2013 was ich nun alles seit 2017 bei Bild-Rauschen hauptberuflich tue.<\/span><\/p>\n<p class=\"p1\"><span class=\"s1\">Bilder \u2013 seien sie bewegt oder nicht \u2013 faszinieren mich. Sie fesseln oder irritieren, rufen Erinnerungen wach oder Assoziationen hervor, sie widerspiegeln eine Welt, sie reduzieren und erweitern unsere Welt.<\/span><\/p>\n<p>[\/et_pb_text][\/et_pb_column][et_pb_column type=&#8221;1_2&#8243; _builder_version=&#8221;4.27.4&#8243; _module_preset=&#8221;default&#8221; hover_enabled=&#8221;0&#8243; global_colors_info=&#8221;{}&#8221; background_enable_color=&#8221;off&#8221; title_text=&#8221;BR-Crew_kompr-2_web&#8221; sticky_enabled=&#8221;0&#8243; background_enable_image=&#8221;off&#8221;][\/et_pb_column][\/et_pb_row][\/et_pb_section][et_pb_section fb_built=&#8221;1&#8243; _builder_version=&#8221;4.27.4&#8243; _module_preset=&#8221;default&#8221; background_enable_color=&#8221;off&#8221; use_background_color_gradient=&#8221;on&#8221; background_color_gradient_stops=&#8221;#000000 0%|rgba(0,0,0,0.49) 71%&#8221; background_color_gradient_overlays_image=&#8221;on&#8221; background_image=&#8221;https:\/\/bild-rauschen.ch\/wp-content\/uploads\/2025\/07\/Bild-Rauschen-Studio-18-1024&#215;768-1.jpg&#8221; global_colors_info=&#8221;{}&#8221;][et_pb_row _builder_version=&#8221;4.27.4&#8243; _module_preset=&#8221;default&#8221; global_colors_info=&#8221;{}&#8221;][et_pb_column type=&#8221;4_4&#8243; _builder_version=&#8221;4.27.4&#8243; _module_preset=&#8221;default&#8221; global_colors_info=&#8221;{}&#8221;][et_pb_text _builder_version=&#8221;4.27.4&#8243; _module_preset=&#8221;default&#8221; text_font_size=&#8221;20px&#8221; text_line_height=&#8221;1.8em&#8221; header_font_size=&#8221;35px&#8221; background_layout=&#8221;dark&#8221; global_colors_info=&#8221;{}&#8221;]<\/p>\n<div class=\"tatsu-module tatsu-inline-text clearfix tatsu-gk363ubaatc5qbmq   \">\n<div class=\"tatsu-inline-text-inner tatsu-align-center\">\n<h1><span>Kontakt<br \/><\/span><\/h1>\n<\/div>\n<\/div>\n<div class=\"tatsu-module tatsu-inline-text clearfix tatsu-gk363ubade39v26f   \">\n<div class=\"tatsu-inline-text-inner tatsu-align-center\">\n<p>BILD-RAUSCHEN GMBH<br \/>Joshua Muhl<br \/>Bereichsleiter\u00a0Film<br \/>Industriestrasse 6A<br \/>8575 B\u00fcrglen TG<\/p>\n<p><a href=\"https:\/\/web.archive.org\/web\/20240725063433\/mailto:jmuhl@bild-rauschen.ch\">jmuhl@bild-rauschen.ch<\/a><br \/>079 \/ 413 92 76<\/p>\n<\/div>\n<\/div>\n<p>[\/et_pb_text][\/et_pb_column][\/et_pb_row][\/et_pb_section]<\/p>\n","protected":false},"excerpt":{"rendered":"<p>Joshua Muhl Mein Werdegang ist ungew\u00f6hnlich: Als J\u00fcngling mit einer Schw\u00e4che f\u00fcr beziehungsweise einer St\u00e4rke in Geometrie und Gestaltung entschied ich mich zu einer Lehre als Hochbauzeichner in einem Architekturb\u00fcro, wo ich bald als Nachwuchsspezialist f\u00fcr Visualisierung, also fotorealistischen Darstellungen von geplanten Bauprojekten, meine ersten seri\u00f6sen Gedanken zu Licht, Farben, \u00c4sthetik und Perspektive anstellte. Neugier [&hellip;]<\/p>\n","protected":false},"author":1,"featured_media":0,"parent":0,"menu_order":0,"comment_status":"closed","ping_status":"closed","template":"","meta":{"_et_pb_use_builder":"on","_et_pb_old_content":"<!-- wp:divi\/placeholder \/-->","_et_gb_content_width":"","footnotes":""},"class_list":["post-42","page","type-page","status-publish","hentry"],"_links":{"self":[{"href":"https:\/\/bild-rauschen.ch\/index.php?rest_route=\/wp\/v2\/pages\/42","targetHints":{"allow":["GET"]}}],"collection":[{"href":"https:\/\/bild-rauschen.ch\/index.php?rest_route=\/wp\/v2\/pages"}],"about":[{"href":"https:\/\/bild-rauschen.ch\/index.php?rest_route=\/wp\/v2\/types\/page"}],"author":[{"embeddable":true,"href":"https:\/\/bild-rauschen.ch\/index.php?rest_route=\/wp\/v2\/users\/1"}],"replies":[{"embeddable":true,"href":"https:\/\/bild-rauschen.ch\/index.php?rest_route=%2Fwp%2Fv2%2Fcomments&post=42"}],"version-history":[{"count":7,"href":"https:\/\/bild-rauschen.ch\/index.php?rest_route=\/wp\/v2\/pages\/42\/revisions"}],"predecessor-version":[{"id":82,"href":"https:\/\/bild-rauschen.ch\/index.php?rest_route=\/wp\/v2\/pages\/42\/revisions\/82"}],"wp:attachment":[{"href":"https:\/\/bild-rauschen.ch\/index.php?rest_route=%2Fwp%2Fv2%2Fmedia&parent=42"}],"curies":[{"name":"wp","href":"https:\/\/api.w.org\/{rel}","templated":true}]}}

<p>[et_pb_section fb_built=&#8221;1&#8243; _builder_version=&#8221;4.27.4&#8243; _module_preset=&#8221;default&#8221; background_color=&#8221;#000000&#8243; background_enable_image=&#8221;off&#8221; background_position=&#8221;top_center&#8221; min_height=&#8221;90vh&#8221; custom_margin=&#8221;0px||||false|false&#8221; custom_padding=&#8221;0px|||100px|false|false&#8221; locked=&#8221;off&#8221; global_colors_info=&#8221;{}&#8221;][et_pb_row column_structure=&#8221;1_2,1_2&#8243; _builder_version=&#8221;4.27.4&#8243; _module_preset=&#8221;default&#8221; width=&#8221;100%&#8221; max_width=&#8221;2560px&#8221; hover_enabled=&#8221;0&#8243; global_colors_info=&#8221;{}&#8221; title_text=&#8221;BR-Crew_kompr-2_web&#8221; background_image=&#8221;https://bild-rauschen.ch/wp-content/uploads/2025/07/BR-Crew_kompr-2_web.jpg&#8221; background_position=&#8221;top_right&#8221; background_size=&#8221;custom&#8221; background_horizontal_offset=&#8221;0%&#8221; background_image_height=&#8221;150%&#8221; sticky_enabled=&#8221;0&#8243; use_custom_gutter=&#8221;on&#8221; make_equal=&#8221;on&#8221; custom_padding=&#8221;|||0px|false|false&#8221; custom_margin=&#8221;|||180px|false|false&#8221;][et_pb_column type=&#8221;1_2&#8243; _builder_version=&#8221;4.27.4&#8243; _module_preset=&#8221;default&#8221; global_colors_info=&#8221;{}&#8221;][et_pb_text _builder_version=&#8221;4.27.4&#8243; _module_preset=&#8221;default&#8221; text_font_size=&#8221;18px&#8221; text_line_height=&#8221;1.8em&#8221; header_font=&#8221;|||on|||||&#8221; header_font_size=&#8221;45px&#8221; z_index=&#8221;50&#8243; background_layout=&#8221;dark&#8221; width=&#8221;100%&#8221; custom_margin=&#8221;50px|||-150px|false|false&#8221; custom_padding=&#8221;||||false|false&#8221; hover_enabled=&#8221;0&#8243; global_colors_info=&#8221;{}&#8221; sticky_enabled=&#8221;0&#8243;]</p>
<h1 class="p1"><span class="s1">Joshua Muhl</span></h1>
<p><span class="s1"></span></p>
<p class="p1"><span class="s1">Mein Werdegang ist ungewöhnlich: Als Jüngling mit einer Schwäche für beziehungsweise einer Stärke in Geometrie und Gestaltung entschied ich mich zu einer Lehre als Hochbauzeichner in einem Architekturbüro, wo ich bald als Nachwuchsspezialist für Visualisierung, also fotorealistischen Darstellungen von geplanten Bauprojekten, meine ersten seriösen Gedanken zu Licht, Farben, Ästhetik und Perspektive anstellte.</span></p>
<p class="p1"><span class="s1">Neugier trieb mich weiter, ich folgte meiner Faszination für Sprache und studierte Germanistik an der Universität Zürich. Die Faszination fürs Visuelle liess mich aber nicht los – ich produzierte einige Kurzfilme und Musikvideos, fotografierte als Journalisten-Praktikant für eigene Artikel, fotografierte Artists oder Events, produzierte Videos für kulturelle Anlässe sowie Werbe- und Imagevideos – was ich nun alles seit 2017 bei Bild-Rauschen hauptberuflich tue.</span></p>
<p class="p1"><span class="s1">Bilder – seien sie bewegt oder nicht – faszinieren mich. Sie fesseln oder irritieren, rufen Erinnerungen wach oder Assoziationen hervor, sie widerspiegeln eine Welt, sie reduzieren und erweitern unsere Welt.</span></p>
<p>[/et_pb_text][/et_pb_column][et_pb_column type=&#8221;1_2&#8243; _builder_version=&#8221;4.27.4&#8243; _module_preset=&#8221;default&#8221; hover_enabled=&#8221;0&#8243; global_colors_info=&#8221;{}&#8221; background_enable_color=&#8221;off&#8221; title_text=&#8221;BR-Crew_kompr-2_web&#8221; sticky_enabled=&#8221;0&#8243; background_enable_image=&#8221;off&#8221;][/et_pb_column][/et_pb_row][/et_pb_section][et_pb_section fb_built=&#8221;1&#8243; _builder_version=&#8221;4.27.4&#8243; _module_preset=&#8221;default&#8221; background_enable_color=&#8221;off&#8221; use_background_color_gradient=&#8221;on&#8221; background_color_gradient_stops=&#8221;#000000 0%|rgba(0,0,0,0.49) 71%&#8221; background_color_gradient_overlays_image=&#8221;on&#8221; background_image=&#8221;https://bild-rauschen.ch/wp-content/uploads/2025/07/Bild-Rauschen-Studio-18-1024&#215;768-1.jpg&#8221; global_colors_info=&#8221;{}&#8221;][et_pb_row _builder_version=&#8221;4.27.4&#8243; _module_preset=&#8221;default&#8221; global_colors_info=&#8221;{}&#8221;][et_pb_column type=&#8221;4_4&#8243; _builder_version=&#8221;4.27.4&#8243; _module_preset=&#8221;default&#8221; global_colors_info=&#8221;{}&#8221;][et_pb_text _builder_version=&#8221;4.27.4&#8243; _module_preset=&#8221;default&#8221; text_font_size=&#8221;20px&#8221; text_line_height=&#8221;1.8em&#8221; header_font_size=&#8221;35px&#8221; background_layout=&#8221;dark&#8221; global_colors_info=&#8221;{}&#8221;]</p>
<div class="tatsu-module tatsu-inline-text clearfix tatsu-gk363ubaatc5qbmq   ">
<div class="tatsu-inline-text-inner tatsu-align-center">
<h1><span>Kontakt<br /></span></h1>
</div>
</div>
<div class="tatsu-module tatsu-inline-text clearfix tatsu-gk363ubade39v26f   ">
<div class="tatsu-inline-text-inner tatsu-align-center">
<p>BILD-RAUSCHEN GMBH<br />Joshua Muhl<br />Bereichsleiter Film<br />Industriestrasse 6A<br />8575 Bürglen TG</p>
<p><a href="https://web.archive.org/web/20240725063433/mailto:jmuhl@bild-rauschen.ch">jmuhl@bild-rauschen.ch</a><br />079 / 413 92 76</p>
</div>
</div>
<p>[/et_pb_text][/et_pb_column][/et_pb_row][/et_pb_section]</p>

<p>Joshua Muhl Mein Werdegang ist ungewöhnlich: Als Jüngling mit einer Schwäche für beziehungsweise einer Stärke in Geometrie und Gestaltung entschied ich mich zu einer Lehre als Hochbauzeichner in einem Architekturbüro, wo ich bald als Nachwuchsspezialist für Visualisierung, also fotorealistischen Darstellungen von geplanten Bauprojekten, meine ersten seriösen Gedanken zu Licht, Farben, Ästhetik und Perspektive anstellte. Neugier [&hellip;]</p>
