{"id":2,"date":"2025-02-23T14:43:17","date_gmt":"2025-02-23T14:43:17","guid":{"rendered":"https:\/\/bild-rauschen.ch\/?page_id=2"},"modified":"2025-07-06T12:58:55","modified_gmt":"2025-07-06T12:58:55","slug":"sample-page","status":"publish","type":"page","link":"https:\/\/bild-rauschen.ch\/","title":{"rendered":"Home"},"content":{"rendered":"<p>[et_pb_section fb_built=&#8221;1&#8243; fullwidth=&#8221;on&#8221; _builder_version=&#8221;4.27.4&#8243; _module_preset=&#8221;default&#8221; background_enable_color=&#8221;off&#8221; background_image=&#8221;https:\/\/bild-rauschen.ch\/wp-content\/uploads\/2025\/07\/Bild-Rauschen-Studio-18-1024&#215;768-1.jpg&#8221; height=&#8221;80vh&#8221; global_colors_info=&#8221;{}&#8221;][et_pb_fullwidth_header title=&#8221;KREATIVE K\u00d6PFE MIT EINEM H\u00c4NDCHEN F\u00dcR TECHNIK, EINEM AUGE F\u00dcRS DETAIL UND DEM RIECHER F\u00dcR ORIGINELLES. DAS SIND WIR.&#8221; _builder_version=&#8221;4.27.4&#8243; _module_preset=&#8221;default&#8221; title_font_size=&#8221;40px&#8221; content_font_size=&#8221;20px&#8221; background_enable_color=&#8221;off&#8221; use_background_color_gradient=&#8221;on&#8221; background_color_gradient_stops=&#8221;rgba(0,0,0,0.75) 24%|rgba(10,10,10,0) 77%&#8221; background_enable_image=&#8221;off&#8221; custom_margin=&#8221;||||false|false&#8221; custom_padding=&#8221;25vh||||false|false&#8221; hover_enabled=&#8221;0&#8243; custom_css_content=&#8221;padding-top: 30px;&#8221; global_colors_info=&#8221;{}&#8221; sticky_enabled=&#8221;0&#8243;]<\/p>\n<p class=\"p1\">Wir Br\u00fcder Emanuel und Joshua sind autodidaktische Fotografen sowie Filmer und besitzen ausserdem eine Schw\u00e4che f\u00fcr Musik. Im November 2019 ist Kristin Kreibich als Multimedia Producerin und Eventmanagerin zu unserem Team gestossen, sie ist seit 2022 Mit-Inhaberin der Bild-Rauschen GmbH.<\/p>\n<p>[\/et_pb_fullwidth_header][\/et_pb_section][et_pb_section fb_built=&#8221;1&#8243; admin_label=&#8221;section&#8221; _builder_version=&#8221;4.27.4&#8243; background_color=&#8221;#000000&#8243; global_colors_info=&#8221;{}&#8221;][et_pb_row admin_label=&#8221;row&#8221; _builder_version=&#8221;4.16&#8243; background_size=&#8221;initial&#8221; background_position=&#8221;top_left&#8221; background_repeat=&#8221;repeat&#8221; global_colors_info=&#8221;{}&#8221;][et_pb_column type=&#8221;4_4&#8243; _builder_version=&#8221;4.16&#8243; custom_padding=&#8221;|||&#8221; global_colors_info=&#8221;{}&#8221; custom_padding__hover=&#8221;|||&#8221;][et_pb_text admin_label=&#8221;Text&#8221; _builder_version=&#8221;4.27.4&#8243; text_text_color=&#8221;#FFFFFF&#8221; text_font_size=&#8221;25px&#8221; text_line_height=&#8221;1.8em&#8221; background_size=&#8221;initial&#8221; background_position=&#8221;top_left&#8221; background_repeat=&#8221;repeat&#8221; global_colors_info=&#8221;{}&#8221;]<\/p>\n<p>Seit M\u00e4rz 2024 sind wir aus unseren sch\u00f6nen Fabrikhallen in B\u00fcrglen ausgezogen und haben die R\u00e4umlichkeiten an den von uns gegr\u00fcndeten <a href=\"vereinkulturrausch.ch\">Verein Kulturrausch<\/a> und einen neuen Vorstand \u00fcbergeben. Sie beleben unser geliebtes Studio nun mit Kultur, Kunst und ganz viel Freude.<\/p>\n<p>Unser kreatives Schaffen als Fotografen und Filmer haben wir deswegen aber keineswegs aufgegeben. Wir nehmen sehr gerne weiterhin Foto- und Filmauftr\u00e4ge an.<\/p>\n<p>Wir freuen uns von dir zu h\u00f6ren!<\/p>\n<p>[\/et_pb_text][\/et_pb_column][\/et_pb_row][\/et_pb_section][et_pb_section fb_built=&#8221;1&#8243; _builder_version=&#8221;4.27.4&#8243; _module_preset=&#8221;default&#8221; background_color=&#8221;#2b2b2b&#8221; global_colors_info=&#8221;{}&#8221;][et_pb_row column_structure=&#8221;1_2,1_2&#8243; make_equal=&#8221;on&#8221; _builder_version=&#8221;4.27.4&#8243; _module_preset=&#8221;default&#8221; global_colors_info=&#8221;{}&#8221;][et_pb_column type=&#8221;1_2&#8243; _builder_version=&#8221;4.27.4&#8243; _module_preset=&#8221;default&#8221; global_colors_info=&#8221;{}&#8221;][et_pb_blurb title=&#8221;Fotografie&#8221; image=&#8221;https:\/\/bild-rauschen.ch\/wp-content\/uploads\/2025\/07\/2021_Hochzeit_Inauen-1687.jpg&#8221; _builder_version=&#8221;4.27.4&#8243; _module_preset=&#8221;default&#8221; background_layout=&#8221;dark&#8221; global_colors_info=&#8221;{}&#8221;]<\/p>\n<p>Wir lieben es Momente festzuhalten, die viel bedeuten, Sch\u00f6nheit hervorbringen und der Kreativit\u00e4t freien Lauf lassen.<\/p>\n<p>[\/et_pb_blurb][\/et_pb_column][et_pb_column type=&#8221;1_2&#8243; _builder_version=&#8221;4.27.4&#8243; _module_preset=&#8221;default&#8221; global_colors_info=&#8221;{}&#8221;][et_pb_blurb title=&#8221;Film&#8221; image=&#8221;https:\/\/bild-rauschen.ch\/wp-content\/uploads\/2025\/07\/Seimi_1-2-scaled.jpg&#8221; _builder_version=&#8221;4.27.4&#8243; _module_preset=&#8221;default&#8221; background_layout=&#8221;dark&#8221; global_colors_info=&#8221;{}&#8221;]<\/p>\n<p>Bewegte Bilder wecken Emotionen und lassen in andere Welten eintrauchen. Egal ob Musikvideo, Imagevideo oder Event-Recap &#8211; wir fangen gerne die bewegten Bilder dazu ein.<\/p>\n<p>[\/et_pb_blurb][\/et_pb_column][\/et_pb_row][\/et_pb_section]<\/p>\n","protected":false},"excerpt":{"rendered":"<p>Wir Br\u00fcder Emanuel und Joshua sind autodidaktische Fotografen sowie Filmer und besitzen ausserdem eine Schw\u00e4che f\u00fcr Musik. Im November 2019 ist Kristin Kreibich als Multimedia Producerin und Eventmanagerin zu unserem Team gestossen, sie ist seit 2022 Mit-Inhaberin der Bild-Rauschen GmbH.Seit M\u00e4rz 2024 sind wir aus unseren sch\u00f6nen Fabrikhallen in B\u00fcrglen ausgezogen und haben die R\u00e4umlichkeiten [&hellip;]<\/p>\n","protected":false},"author":1,"featured_media":0,"parent":0,"menu_order":0,"comment_status":"closed","ping_status":"open","template":"","meta":{"_et_pb_use_builder":"on","_et_pb_old_content":"<!-- wp:paragraph -->\n<p>Sch\u00f6n, dass du auf unserer Webseite vorbeischaust. Wir bauen diese gerade um. Du erreichst uns nach wie vor per:<\/p>\n<!-- \/wp:paragraph -->\n\n<!-- wp:quote -->\n<blockquote class=\"wp-block-quote\"><!-- wp:paragraph -->\n<p>Mail: info@bild-rauschen.ch<\/p>\n<!-- \/wp:paragraph --><\/blockquote>\n<!-- \/wp:quote -->\n\n<!-- wp:paragraph -->\n<p>oder<\/p>\n<!-- \/wp:paragraph -->\n\n<!-- wp:quote -->\n<blockquote class=\"wp-block-quote\"><!-- wp:paragraph -->\n<p>Telefon: 071 648 10 15<\/p>\n<!-- \/wp:paragraph --><\/blockquote>\n<!-- \/wp:quote -->\n\n<!-- wp:paragraph -->\n<p><\/p>\n<!-- \/wp:paragraph -->\n\n<!-- wp:paragraph -->\n<p><\/p>\n<!-- \/wp:paragraph -->\n\n<!-- wp:paragraph -->\n<p>Wir freuen uns von dir zu h\u00f6ren!<\/p>\n<!-- \/wp:paragraph -->\n\n<!-- wp:paragraph -->\n<p>Emanuel, Joshua und Kristin<\/p>\n<!-- \/wp:paragraph -->","_et_gb_content_width":"","footnotes":""},"class_list":["post-2","page","type-page","status-publish","hentry"],"_links":{"self":[{"href":"https:\/\/bild-rauschen.ch\/index.php?rest_route=\/wp\/v2\/pages\/2","targetHints":{"allow":["GET"]}}],"collection":[{"href":"https:\/\/bild-rauschen.ch\/index.php?rest_route=\/wp\/v2\/pages"}],"about":[{"href":"https:\/\/bild-rauschen.ch\/index.php?rest_route=\/wp\/v2\/types\/page"}],"author":[{"embeddable":true,"href":"https:\/\/bild-rauschen.ch\/index.php?rest_route=\/wp\/v2\/users\/1"}],"replies":[{"embeddable":true,"href":"https:\/\/bild-rauschen.ch\/index.php?rest_route=%2Fwp%2Fv2%2Fcomments&post=2"}],"version-history":[{"count":13,"href":"https:\/\/bild-rauschen.ch\/index.php?rest_route=\/wp\/v2\/pages\/2\/revisions"}],"predecessor-version":[{"id":87,"href":"https:\/\/bild-rauschen.ch\/index.php?rest_route=\/wp\/v2\/pages\/2\/revisions\/87"}],"wp:attachment":[{"href":"https:\/\/bild-rauschen.ch\/index.php?rest_route=%2Fwp%2Fv2%2Fmedia&parent=2"}],"curies":[{"name":"wp","href":"https:\/\/api.w.org\/{rel}","templated":true}]}}

<p>[et_pb_section fb_built=&#8221;1&#8243; fullwidth=&#8221;on&#8221; _builder_version=&#8221;4.27.4&#8243; _module_preset=&#8221;default&#8221; background_enable_color=&#8221;off&#8221; background_image=&#8221;https://bild-rauschen.ch/wp-content/uploads/2025/07/Bild-Rauschen-Studio-18-1024&#215;768-1.jpg&#8221; height=&#8221;80vh&#8221; global_colors_info=&#8221;{}&#8221;][et_pb_fullwidth_header title=&#8221;KREATIVE KÖPFE MIT EINEM HÄNDCHEN FÜR TECHNIK, EINEM AUGE FÜRS DETAIL UND DEM RIECHER FÜR ORIGINELLES. DAS SIND WIR.&#8221; _builder_version=&#8221;4.27.4&#8243; _module_preset=&#8221;default&#8221; title_font_size=&#8221;40px&#8221; content_font_size=&#8221;20px&#8221; background_enable_color=&#8221;off&#8221; use_background_color_gradient=&#8221;on&#8221; background_color_gradient_stops=&#8221;rgba(0,0,0,0.75) 24%|rgba(10,10,10,0) 77%&#8221; background_enable_image=&#8221;off&#8221; custom_margin=&#8221;||||false|false&#8221; custom_padding=&#8221;25vh||||false|false&#8221; hover_enabled=&#8221;0&#8243; custom_css_content=&#8221;padding-top: 30px;&#8221; global_colors_info=&#8221;{}&#8221; sticky_enabled=&#8221;0&#8243;]</p>
<p class="p1">Wir Brüder Emanuel und Joshua sind autodidaktische Fotografen sowie Filmer und besitzen ausserdem eine Schwäche für Musik. Im November 2019 ist Kristin Kreibich als Multimedia Producerin und Eventmanagerin zu unserem Team gestossen, sie ist seit 2022 Mit-Inhaberin der Bild-Rauschen GmbH.</p>
<p>[/et_pb_fullwidth_header][/et_pb_section][et_pb_section fb_built=&#8221;1&#8243; admin_label=&#8221;section&#8221; _builder_version=&#8221;4.27.4&#8243; background_color=&#8221;#000000&#8243; global_colors_info=&#8221;{}&#8221;][et_pb_row admin_label=&#8221;row&#8221; _builder_version=&#8221;4.16&#8243; background_size=&#8221;initial&#8221; background_position=&#8221;top_left&#8221; background_repeat=&#8221;repeat&#8221; global_colors_info=&#8221;{}&#8221;][et_pb_column type=&#8221;4_4&#8243; _builder_version=&#8221;4.16&#8243; custom_padding=&#8221;|||&#8221; global_colors_info=&#8221;{}&#8221; custom_padding__hover=&#8221;|||&#8221;][et_pb_text admin_label=&#8221;Text&#8221; _builder_version=&#8221;4.27.4&#8243; text_text_color=&#8221;#FFFFFF&#8221; text_font_size=&#8221;25px&#8221; text_line_height=&#8221;1.8em&#8221; background_size=&#8221;initial&#8221; background_position=&#8221;top_left&#8221; background_repeat=&#8221;repeat&#8221; global_colors_info=&#8221;{}&#8221;]</p>
<p>Seit März 2024 sind wir aus unseren schönen Fabrikhallen in Bürglen ausgezogen und haben die Räumlichkeiten an den von uns gegründeten <a href="vereinkulturrausch.ch">Verein Kulturrausch</a> und einen neuen Vorstand übergeben. Sie beleben unser geliebtes Studio nun mit Kultur, Kunst und ganz viel Freude.</p>
<p>Unser kreatives Schaffen als Fotografen und Filmer haben wir deswegen aber keineswegs aufgegeben. Wir nehmen sehr gerne weiterhin Foto- und Filmaufträge an.</p>
<p>Wir freuen uns von dir zu hören!</p>
<p>[/et_pb_text][/et_pb_column][/et_pb_row][/et_pb_section][et_pb_section fb_built=&#8221;1&#8243; _builder_version=&#8221;4.27.4&#8243; _module_preset=&#8221;default&#8221; background_color=&#8221;#2b2b2b&#8221; global_colors_info=&#8221;{}&#8221;][et_pb_row column_structure=&#8221;1_2,1_2&#8243; make_equal=&#8221;on&#8221; _builder_version=&#8221;4.27.4&#8243; _module_preset=&#8221;default&#8221; global_colors_info=&#8221;{}&#8221;][et_pb_column type=&#8221;1_2&#8243; _builder_version=&#8221;4.27.4&#8243; _module_preset=&#8221;default&#8221; global_colors_info=&#8221;{}&#8221;][et_pb_blurb title=&#8221;Fotografie&#8221; image=&#8221;https://bild-rauschen.ch/wp-content/uploads/2025/07/2021_Hochzeit_Inauen-1687.jpg&#8221; _builder_version=&#8221;4.27.4&#8243; _module_preset=&#8221;default&#8221; background_layout=&#8221;dark&#8221; global_colors_info=&#8221;{}&#8221;]</p>
<p>Wir lieben es Momente festzuhalten, die viel bedeuten, Schönheit hervorbringen und der Kreativität freien Lauf lassen.</p>
<p>[/et_pb_blurb][/et_pb_column][et_pb_column type=&#8221;1_2&#8243; _builder_version=&#8221;4.27.4&#8243; _module_preset=&#8221;default&#8221; global_colors_info=&#8221;{}&#8221;][et_pb_blurb title=&#8221;Film&#8221; image=&#8221;https://bild-rauschen.ch/wp-content/uploads/2025/07/Seimi_1-2-scaled.jpg&#8221; _builder_version=&#8221;4.27.4&#8243; _module_preset=&#8221;default&#8221; background_layout=&#8221;dark&#8221; global_colors_info=&#8221;{}&#8221;]</p>
<p>Bewegte Bilder wecken Emotionen und lassen in andere Welten eintrauchen. Egal ob Musikvideo, Imagevideo oder Event-Recap &#8211; wir fangen gerne die bewegten Bilder dazu ein.</p>
<p>[/et_pb_blurb][/et_pb_column][/et_pb_row][/et_pb_section]</p>

<p>Wir Brüder Emanuel und Joshua sind autodidaktische Fotografen sowie Filmer und besitzen ausserdem eine Schwäche für Musik. Im November 2019 ist Kristin Kreibich als Multimedia Producerin und Eventmanagerin zu unserem Team gestossen, sie ist seit 2022 Mit-Inhaberin der Bild-Rauschen GmbH.Seit März 2024 sind wir aus unseren schönen Fabrikhallen in Bürglen ausgezogen und haben die Räumlichkeiten [&hellip;]</p>

<!-- wp:paragraph -->
<p>Schön, dass du auf unserer Webseite vorbeischaust. Wir bauen diese gerade um. Du erreichst uns nach wie vor per:</p>
<!-- /wp:paragraph -->

<!-- wp:quote -->
<blockquote class="wp-block-quote"><!-- wp:paragraph -->
<p>Mail: info@bild-rauschen.ch</p>
<!-- /wp:paragraph --></blockquote>
<!-- /wp:quote -->

<!-- wp:paragraph -->
<p>oder</p>
<!-- /wp:paragraph -->

<!-- wp:quote -->
<blockquote class="wp-block-quote"><!-- wp:paragraph -->
<p>Telefon: 071 648 10 15</p>
<!-- /wp:paragraph --></blockquote>
<!-- /wp:quote -->

<!-- wp:paragraph -->
<p></p>
<!-- /wp:paragraph -->

<!-- wp:paragraph -->
<p></p>
<!-- /wp:paragraph -->

<!-- wp:paragraph -->
<p>Wir freuen uns von dir zu hören!</p>
<!-- /wp:paragraph -->

<!-- wp:paragraph -->
<p>Emanuel, Joshua und Kristin</p>
<!-- /wp:paragraph -->
